{"id":278,"date":"2023-04-24T10:28:44","date_gmt":"2023-04-24T10:28:44","guid":{"rendered":"http:\/\/localhost\/wordpress\/?post_type=product&#038;p=278"},"modified":"2024-07-20T16:54:36","modified_gmt":"2024-07-20T16:54:36","slug":"zorro","status":"publish","type":"product","link":"https:\/\/tuftingfreak.com\/index.php\/producto\/zorro\/","title":{"rendered":"Mascara Kitsune"},"content":{"rendered":"","protected":false},"excerpt":{"rendered":"<p><strong>Tapiz<\/strong> de <strong>tufting<\/strong> de la cara de un Kitsune\u00a0 un cl\u00e1sico esp\u00edritu del folclore japon\u00e9s d\u00e9jate seducir\u00a0 por su tacto<\/p>\n<p>Esta hecho \u00a0con lana<strong> 100% acr\u00edlica.<\/strong><\/p>\n<p><strong>Medidas: <\/strong><strong>53 x 51 cm<\/strong><\/p>\n<p><strong>\u00danica pieza<\/strong> (en caso de no estar en stock ponte en contacto con nosotros)<\/p>\n","protected":false},"featured_media":273,"template":"","meta":[],"product_brand":[],"product_cat":[16],"product_tag":[],"class_list":{"0":"post-278","1":"product","2":"type-product","3":"status-publish","4":"has-post-thumbnail","6":"product_cat-tapiz","8":"first","9":"instock","10":"featured","11":"sold-individually","12":"taxable","13":"shipping-taxable","14":"purchasable","15":"product-type-simple"},"yoast_head":"<!-- This site is optimized with the Yoast SEO plugin v27.4 - https:\/\/yoast.com\/product\/yoast-seo-wordpress\/ -->\n<title>Tap\u00edz de tufting de mascara kitsune<\/title>\n<meta name=\"robots\" content=\"index, follow, max-snippet:-1, max-image-preview:large, max-video-preview:-1\" \/>\n<link rel=\"canonical\" href=\"https:\/\/tuftingfreak.com\/index.php\/producto\/zorro\/\" \/>\n<meta property=\"og:locale\" content=\"es_ES\" \/>\n<meta property=\"og:type\" content=\"article\" \/>\n<meta property=\"og:title\" content=\"Tap\u00edz de tufting de mascara kitsune\" \/>\n<meta property=\"og:description\" content=\"Tapiz de tufting de la cara de un Kitsune\u00a0 un cl\u00e1sico esp\u00edritu del folclore japon\u00e9s d\u00e9jate seducir\u00a0 por su tacto  Esta hecho \u00a0con lana 100% acr\u00edlica.  Medidas: 53 x 51 cm  \u00danica pieza (en caso de no estar en stock ponte en contacto con nosotros)\" \/>\n<meta property=\"og:url\" content=\"https:\/\/tuftingfreak.com\/index.php\/producto\/zorro\/\" \/>\n<meta property=\"og:site_name\" content=\"Tufting Freak\" \/>\n<meta property=\"article:publisher\" content=\"https:\/\/www.facebook.com\/tuftingfreak\" \/>\n<meta property=\"article:modified_time\" content=\"2024-07-20T16:54:36+00:00\" \/>\n<meta property=\"og:image\" content=\"https:\/\/tuftingfreak.com\/wp-content\/uploads\/2023\/04\/Zorro.png\" \/>\n\t<meta property=\"og:image:width\" content=\"633\" \/>\n\t<meta property=\"og:image:height\" content=\"654\" \/>\n\t<meta property=\"og:image:type\" content=\"image\/png\" \/>\n<meta name=\"twitter:card\" content=\"summary_large_image\" \/>\n<meta name=\"twitter:site\" content=\"@TuftingFreak\" \/>\n<script type=\"application\/ld+json\" class=\"yoast-schema-graph\">{\"@context\":\"https:\\\/\\\/schema.org\",\"@graph\":[{\"@type\":\"WebPage\",\"@id\":\"https:\\\/\\\/tuftingfreak.com\\\/index.php\\\/producto\\\/zorro\\\/\",\"url\":\"https:\\\/\\\/tuftingfreak.com\\\/index.php\\\/producto\\\/zorro\\\/\",\"name\":\"Tap\u00edz de tufting de mascara kitsune\",\"isPartOf\":{\"@id\":\"https:\\\/\\\/tuftingfreak.com\\\/#website\"},\"primaryImageOfPage\":{\"@id\":\"https:\\\/\\\/tuftingfreak.com\\\/index.php\\\/producto\\\/zorro\\\/#primaryimage\"},\"image\":{\"@id\":\"https:\\\/\\\/tuftingfreak.com\\\/index.php\\\/producto\\\/zorro\\\/#primaryimage\"},\"thumbnailUrl\":\"https:\\\/\\\/tuftingfreak.com\\\/wp-content\\\/uploads\\\/2023\\\/04\\\/Zorro.png\",\"datePublished\":\"2023-04-24T10:28:44+00:00\",\"dateModified\":\"2024-07-20T16:54:36+00:00\",\"breadcrumb\":{\"@id\":\"https:\\\/\\\/tuftingfreak.com\\\/index.php\\\/producto\\\/zorro\\\/#breadcrumb\"},\"inLanguage\":\"es\",\"potentialAction\":[{\"@type\":\"ReadAction\",\"target\":[\"https:\\\/\\\/tuftingfreak.com\\\/index.php\\\/producto\\\/zorro\\\/\"]}]},{\"@type\":\"ImageObject\",\"inLanguage\":\"es\",\"@id\":\"https:\\\/\\\/tuftingfreak.com\\\/index.php\\\/producto\\\/zorro\\\/#primaryimage\",\"url\":\"https:\\\/\\\/tuftingfreak.com\\\/wp-content\\\/uploads\\\/2023\\\/04\\\/Zorro.png\",\"contentUrl\":\"https:\\\/\\\/tuftingfreak.com\\\/wp-content\\\/uploads\\\/2023\\\/04\\\/Zorro.png\",\"width\":633,\"height\":654,\"caption\":\"Tapiz princesa zorro\"},{\"@type\":\"BreadcrumbList\",\"@id\":\"https:\\\/\\\/tuftingfreak.com\\\/index.php\\\/producto\\\/zorro\\\/#breadcrumb\",\"itemListElement\":[{\"@type\":\"ListItem\",\"position\":1,\"name\":\"Portada\",\"item\":\"https:\\\/\\\/tuftingfreak.com\\\/\"},{\"@type\":\"ListItem\",\"position\":2,\"name\":\"Cat\u00e1logo\",\"item\":\"https:\\\/\\\/tuftingfreak.com\\\/?page_id=980\"},{\"@type\":\"ListItem\",\"position\":3,\"name\":\"Mascara Kitsune\"}]},{\"@type\":\"WebSite\",\"@id\":\"https:\\\/\\\/tuftingfreak.com\\\/#website\",\"url\":\"https:\\\/\\\/tuftingfreak.com\\\/\",\"name\":\"Tufting Freak\",\"description\":\"Personalizaci&oacute;n con tufting\",\"publisher\":{\"@id\":\"https:\\\/\\\/tuftingfreak.com\\\/#organization\"},\"alternateName\":\"Tufting Freak\",\"potentialAction\":[{\"@type\":\"SearchAction\",\"target\":{\"@type\":\"EntryPoint\",\"urlTemplate\":\"https:\\\/\\\/tuftingfreak.com\\\/?s={search_term_string}\"},\"query-input\":{\"@type\":\"PropertyValueSpecification\",\"valueRequired\":true,\"valueName\":\"search_term_string\"}}],\"inLanguage\":\"es\"},{\"@type\":\"Organization\",\"@id\":\"https:\\\/\\\/tuftingfreak.com\\\/#organization\",\"name\":\"Tufting Freak\",\"alternateName\":\"TuftingFreak\",\"url\":\"https:\\\/\\\/tuftingfreak.com\\\/\",\"logo\":{\"@type\":\"ImageObject\",\"inLanguage\":\"es\",\"@id\":\"https:\\\/\\\/tuftingfreak.com\\\/#\\\/schema\\\/logo\\\/image\\\/\",\"url\":\"https:\\\/\\\/tuftingfreak.com\\\/wp-content\\\/uploads\\\/2023\\\/10\\\/logo.png\",\"contentUrl\":\"https:\\\/\\\/tuftingfreak.com\\\/wp-content\\\/uploads\\\/2023\\\/10\\\/logo.png\",\"width\":284,\"height\":249,\"caption\":\"Tufting Freak\"},\"image\":{\"@id\":\"https:\\\/\\\/tuftingfreak.com\\\/#\\\/schema\\\/logo\\\/image\\\/\"},\"sameAs\":[\"https:\\\/\\\/www.facebook.com\\\/tuftingfreak\",\"https:\\\/\\\/x.com\\\/TuftingFreak\",\"https:\\\/\\\/www.instagram.com\\\/tuftingfreak?igsh=MWRtdjdxYTlxeHBpcw==\",\"https:\\\/\\\/www.tiktok.com\\\/@tuftingfreak?_t=8jkELbwt4ld&_r=1\",\"https:\\\/\\\/www.pinterest.es\\\/tuftingfreak\"]}]}<\/script>\n<!-- \/ Yoast SEO plugin. -->","yoast_head_json":{"title":"Tap\u00edz de tufting de mascara kitsune","robots":{"index":"index","follow":"follow","max-snippet":"max-snippet:-1","max-image-preview":"max-image-preview:large","max-video-preview":"max-video-preview:-1"},"canonical":"https:\/\/tuftingfreak.com\/index.php\/producto\/zorro\/","og_locale":"es_ES","og_type":"article","og_title":"Tap\u00edz de tufting de mascara kitsune","og_description":"Tapiz de tufting de la cara de un Kitsune\u00a0 un cl\u00e1sico esp\u00edritu del folclore japon\u00e9s d\u00e9jate seducir\u00a0 por su tacto  Esta hecho \u00a0con lana 100% acr\u00edlica.  Medidas: 53 x 51 cm  \u00danica pieza (en caso de no estar en stock ponte en contacto con nosotros)","og_url":"https:\/\/tuftingfreak.com\/index.php\/producto\/zorro\/","og_site_name":"Tufting Freak","article_publisher":"https:\/\/www.facebook.com\/tuftingfreak","article_modified_time":"2024-07-20T16:54:36+00:00","og_image":[{"width":633,"height":654,"url":"https:\/\/tuftingfreak.com\/wp-content\/uploads\/2023\/04\/Zorro.png","type":"image\/png"}],"twitter_card":"summary_large_image","twitter_site":"@TuftingFreak","schema":{"@context":"https:\/\/schema.org","@graph":[{"@type":"WebPage","@id":"https:\/\/tuftingfreak.com\/index.php\/producto\/zorro\/","url":"https:\/\/tuftingfreak.com\/index.php\/producto\/zorro\/","name":"Tap\u00edz de tufting de mascara kitsune","isPartOf":{"@id":"https:\/\/tuftingfreak.com\/#website"},"primaryImageOfPage":{"@id":"https:\/\/tuftingfreak.com\/index.php\/producto\/zorro\/#primaryimage"},"image":{"@id":"https:\/\/tuftingfreak.com\/index.php\/producto\/zorro\/#primaryimage"},"thumbnailUrl":"https:\/\/tuftingfreak.com\/wp-content\/uploads\/2023\/04\/Zorro.png","datePublished":"2023-04-24T10:28:44+00:00","dateModified":"2024-07-20T16:54:36+00:00","breadcrumb":{"@id":"https:\/\/tuftingfreak.com\/index.php\/producto\/zorro\/#breadcrumb"},"inLanguage":"es","potentialAction":[{"@type":"ReadAction","target":["https:\/\/tuftingfreak.com\/index.php\/producto\/zorro\/"]}]},{"@type":"ImageObject","inLanguage":"es","@id":"https:\/\/tuftingfreak.com\/index.php\/producto\/zorro\/#primaryimage","url":"https:\/\/tuftingfreak.com\/wp-content\/uploads\/2023\/04\/Zorro.png","contentUrl":"https:\/\/tuftingfreak.com\/wp-content\/uploads\/2023\/04\/Zorro.png","width":633,"height":654,"caption":"Tapiz princesa zorro"},{"@type":"BreadcrumbList","@id":"https:\/\/tuftingfreak.com\/index.php\/producto\/zorro\/#breadcrumb","itemListElement":[{"@type":"ListItem","position":1,"name":"Portada","item":"https:\/\/tuftingfreak.com\/"},{"@type":"ListItem","position":2,"name":"Cat\u00e1logo","item":"https:\/\/tuftingfreak.com\/?page_id=980"},{"@type":"ListItem","position":3,"name":"Mascara Kitsune"}]},{"@type":"WebSite","@id":"https:\/\/tuftingfreak.com\/#website","url":"https:\/\/tuftingfreak.com\/","name":"Tufting Freak","description":"Personalizaci&oacute;n con tufting","publisher":{"@id":"https:\/\/tuftingfreak.com\/#organization"},"alternateName":"Tufting Freak","potentialAction":[{"@type":"SearchAction","target":{"@type":"EntryPoint","urlTemplate":"https:\/\/tuftingfreak.com\/?s={search_term_string}"},"query-input":{"@type":"PropertyValueSpecification","valueRequired":true,"valueName":"search_term_string"}}],"inLanguage":"es"},{"@type":"Organization","@id":"https:\/\/tuftingfreak.com\/#organization","name":"Tufting Freak","alternateName":"TuftingFreak","url":"https:\/\/tuftingfreak.com\/","logo":{"@type":"ImageObject","inLanguage":"es","@id":"https:\/\/tuftingfreak.com\/#\/schema\/logo\/image\/","url":"https:\/\/tuftingfreak.com\/wp-content\/uploads\/2023\/10\/logo.png","contentUrl":"https:\/\/tuftingfreak.com\/wp-content\/uploads\/2023\/10\/logo.png","width":284,"height":249,"caption":"Tufting Freak"},"image":{"@id":"https:\/\/tuftingfreak.com\/#\/schema\/logo\/image\/"},"sameAs":["https:\/\/www.facebook.com\/tuftingfreak","https:\/\/x.com\/TuftingFreak","https:\/\/www.instagram.com\/tuftingfreak?igsh=MWRtdjdxYTlxeHBpcw==","https:\/\/www.tiktok.com\/@tuftingfreak?_t=8jkELbwt4ld&_r=1","https:\/\/www.pinterest.es\/tuftingfreak"]}]}},"jetpack_sharing_enabled":true,"_links":{"self":[{"href":"https:\/\/tuftingfreak.com\/index.php\/wp-json\/wp\/v2\/product\/278","targetHints":{"allow":["GET"]}}],"collection":[{"href":"https:\/\/tuftingfreak.com\/index.php\/wp-json\/wp\/v2\/product"}],"about":[{"href":"https:\/\/tuftingfreak.com\/index.php\/wp-json\/wp\/v2\/types\/product"}],"wp:featuredmedia":[{"embeddable":true,"href":"https:\/\/tuftingfreak.com\/index.php\/wp-json\/wp\/v2\/media\/273"}],"wp:attachment":[{"href":"https:\/\/tuftingfreak.com\/index.php\/wp-json\/wp\/v2\/media?parent=278"}],"wp:term":[{"taxonomy":"product_brand","embeddable":true,"href":"https:\/\/tuftingfreak.com\/index.php\/wp-json\/wp\/v2\/product_brand?post=278"},{"taxonomy":"product_cat","embeddable":true,"href":"https:\/\/tuftingfreak.com\/index.php\/wp-json\/wp\/v2\/product_cat?post=278"},{"taxonomy":"product_tag","embeddable":true,"href":"https:\/\/tuftingfreak.com\/index.php\/wp-json\/wp\/v2\/product_tag?post=278"}],"curies":[{"name":"wp","href":"https:\/\/api.w.org\/{rel}","templated":true}]}}