{"id":1125,"date":"2023-06-01T11:54:50","date_gmt":"2023-06-01T11:54:50","guid":{"rendered":"http:\/\/localhost\/wordpress\/?page_id=1125"},"modified":"2023-06-01T11:54:52","modified_gmt":"2023-06-01T11:54:52","slug":"preferencias-de-cookies","status":"publish","type":"page","link":"https:\/\/tuftingfreak.com\/index.php\/preferencias-de-cookies\/","title":{"rendered":"Preferencias de Cookies"},"content":{"rendered":"\n<div>\n      <div id=\"custom-cookies-eu-label\">\n          El sitio Web https:\/\/tuftingfreak.com utiliza cookies propias  para su correcto funcionamiento. Al hacer clic en el bot\u00f3n Aceptar, acepta el uso de estas tecnolog\u00edas y el procesamiento de sus datos para estos prop\u00f3sitos.          \n\n      <\/div>\n\n      <div id=\"custom-cookies-eu-buttons\" class=\"cookies-eu-buttons\">\n        <button id=\"custom-cookies-eu-reject\" class=\"cookies-eu-reject\">Rechazar<\/button>\n        <button id=\"custom-cookies-eu-accept\" class=\"cookies-eu-accept\">ACEPTAR TODAS LAS COOKIES<\/button><\/div>\n      <\/div>\n\n<br\/>\n<p>\n\tPuedes cambiar tus preferencias de cookies en cualquier momento si vuelves a la p\u00e1gina de Personalizar cookies, a la que puedes acceder a trav\u00e9s del Aviso de cookies. Para obtener m\u00e1s informaci\u00f3n sobre las cookies y c\u00f3mo las usamos, consulta la p\u00e1gina de <a href=\"https:\/\/tuftingfreak.com\/index.php\/politica-de-cookies\/\">Pol\u00edtica de Cookies<\/a>.\n<\/p>\n\n<h3>Cookies t\u00e9cnicas<\/h3>\n<p>\n\tSon aquellas que permiten a los usuarios registrados navegar a trav\u00e9s del sitio Web, del \u00e1rea restringida y a utilizar sus diferentes funciones, como por ejemplo, el sistema de comentarios o el buscador o llevar a cabo el proceso de compra de un Producto o Servicio y no pueden ser desactivadas.\n<\/p>\n\n\n<div class=\"custom-cookies-option\">\n  <h3>Cookies sociales<\/h3>\n  <span>\n    <input type=\"radio\" name=\"cookies-social-option\" value=\"true\" class=\"custom-cookies-radio\" data-consent=\"SCLS\" id=\"custom-cookies-accept-social\" \n    >\n    <label for=\"custom-cookies-accept-social\">Activar<\/label>\n    &nbsp;&nbsp;\n    <input type=\"radio\" name=\"cookies-social-option\" value=\"false\" class=\"custom-cookies-radio\" data-consent=\"SCLS\" id=\"custom-cookies-reject-social\" \n    checked>\n    <label for=\"custom-cookies-reject-social\">Desactivar<\/label>\n<\/span>\n<\/div>\n\n<p>\n  Son establecidas por las plataformas de redes sociales para permitir a los usuarios compartir contenido con sus amigos y redes.  \n<\/p>\n\n","protected":false},"excerpt":{"rendered":"<p>El sitio Web https:\/\/tuftingfreak.com utiliza cookies propias para su correcto funcionamiento. Al hacer clic en el bot\u00f3n Aceptar, acepta el uso de estas tecnolog\u00edas y el procesamiento de sus datos para estos prop\u00f3sitos. Rechazar ACEPTAR TODAS LAS COOKIES Puedes cambiar tus preferencias de cookies en cualquier momento si vuelves a la p\u00e1gina de Personalizar cookies, &hellip; <\/p>\n<p class=\"link-more\"><a href=\"https:\/\/tuftingfreak.com\/index.php\/preferencias-de-cookies\/\" class=\"more-link\">Leer m\u00e1s<span class=\"screen-reader-text\"> \u00abPreferencias de Cookies\u00bb<\/span><\/a><\/p>\n","protected":false},"author":1,"featured_media":0,"parent":0,"menu_order":0,"comment_status":"closed","ping_status":"closed","template":"","meta":{"inspiro_hide_title":false,"footnotes":""},"class_list":["post-1125","page","type-page","status-publish","hentry"],"yoast_head":"<!-- This site is optimized with the Yoast SEO plugin v27.4 - https:\/\/yoast.com\/product\/yoast-seo-wordpress\/ -->\n<title>Preferencias de Cookies -<\/title>\n<meta name=\"robots\" content=\"index, follow, max-snippet:-1, max-image-preview:large, max-video-preview:-1\" \/>\n<link rel=\"canonical\" href=\"https:\/\/tuftingfreak.com\/index.php\/preferencias-de-cookies\/\" \/>\n<meta property=\"og:locale\" content=\"es_ES\" \/>\n<meta property=\"og:type\" content=\"article\" \/>\n<meta property=\"og:title\" content=\"Preferencias de Cookies -\" \/>\n<meta property=\"og:description\" content=\"El sitio Web https:\/\/tuftingfreak.com utiliza cookies propias para su correcto funcionamiento. Al hacer clic en el bot\u00f3n Aceptar, acepta el uso de estas tecnolog\u00edas y el procesamiento de sus datos para estos prop\u00f3sitos. Rechazar ACEPTAR TODAS LAS COOKIES Puedes cambiar tus preferencias de cookies en cualquier momento si vuelves a la p\u00e1gina de Personalizar cookies, &hellip; Leer m\u00e1s \u00abPreferencias de Cookies\u00bb\" \/>\n<meta property=\"og:url\" content=\"https:\/\/tuftingfreak.com\/index.php\/preferencias-de-cookies\/\" \/>\n<meta property=\"og:site_name\" content=\"Tufting Freak\" \/>\n<meta property=\"article:publisher\" content=\"https:\/\/www.facebook.com\/tuftingfreak\" \/>\n<meta property=\"article:modified_time\" content=\"2023-06-01T11:54:52+00:00\" \/>\n<meta property=\"og:image\" content=\"https:\/\/tuftingfreak.com\/wp-content\/uploads\/2023\/10\/image1-3-e1707500083804.png\" \/>\n\t<meta property=\"og:image:width\" content=\"364\" \/>\n\t<meta property=\"og:image:height\" content=\"283\" \/>\n\t<meta property=\"og:image:type\" content=\"image\/png\" \/>\n<meta name=\"twitter:card\" content=\"summary_large_image\" \/>\n<meta name=\"twitter:site\" content=\"@TuftingFreak\" \/>\n<script type=\"application\/ld+json\" class=\"yoast-schema-graph\">{\"@context\":\"https:\\\/\\\/schema.org\",\"@graph\":[{\"@type\":\"WebPage\",\"@id\":\"https:\\\/\\\/tuftingfreak.com\\\/index.php\\\/preferencias-de-cookies\\\/\",\"url\":\"https:\\\/\\\/tuftingfreak.com\\\/index.php\\\/preferencias-de-cookies\\\/\",\"name\":\"Preferencias de Cookies -\",\"isPartOf\":{\"@id\":\"https:\\\/\\\/tuftingfreak.com\\\/#website\"},\"datePublished\":\"2023-06-01T11:54:50+00:00\",\"dateModified\":\"2023-06-01T11:54:52+00:00\",\"breadcrumb\":{\"@id\":\"https:\\\/\\\/tuftingfreak.com\\\/index.php\\\/preferencias-de-cookies\\\/#breadcrumb\"},\"inLanguage\":\"es\",\"potentialAction\":[{\"@type\":\"ReadAction\",\"target\":[\"https:\\\/\\\/tuftingfreak.com\\\/index.php\\\/preferencias-de-cookies\\\/\"]}]},{\"@type\":\"BreadcrumbList\",\"@id\":\"https:\\\/\\\/tuftingfreak.com\\\/index.php\\\/preferencias-de-cookies\\\/#breadcrumb\",\"itemListElement\":[{\"@type\":\"ListItem\",\"position\":1,\"name\":\"Portada\",\"item\":\"https:\\\/\\\/tuftingfreak.com\\\/\"},{\"@type\":\"ListItem\",\"position\":2,\"name\":\"Preferencias de Cookies\"}]},{\"@type\":\"WebSite\",\"@id\":\"https:\\\/\\\/tuftingfreak.com\\\/#website\",\"url\":\"https:\\\/\\\/tuftingfreak.com\\\/\",\"name\":\"Tufting Freak\",\"description\":\"Personalizaci&oacute;n con tufting\",\"publisher\":{\"@id\":\"https:\\\/\\\/tuftingfreak.com\\\/#organization\"},\"alternateName\":\"Tufting Freak\",\"potentialAction\":[{\"@type\":\"SearchAction\",\"target\":{\"@type\":\"EntryPoint\",\"urlTemplate\":\"https:\\\/\\\/tuftingfreak.com\\\/?s={search_term_string}\"},\"query-input\":{\"@type\":\"PropertyValueSpecification\",\"valueRequired\":true,\"valueName\":\"search_term_string\"}}],\"inLanguage\":\"es\"},{\"@type\":\"Organization\",\"@id\":\"https:\\\/\\\/tuftingfreak.com\\\/#organization\",\"name\":\"Tufting Freak\",\"alternateName\":\"TuftingFreak\",\"url\":\"https:\\\/\\\/tuftingfreak.com\\\/\",\"logo\":{\"@type\":\"ImageObject\",\"inLanguage\":\"es\",\"@id\":\"https:\\\/\\\/tuftingfreak.com\\\/#\\\/schema\\\/logo\\\/image\\\/\",\"url\":\"https:\\\/\\\/tuftingfreak.com\\\/wp-content\\\/uploads\\\/2023\\\/10\\\/logo.png\",\"contentUrl\":\"https:\\\/\\\/tuftingfreak.com\\\/wp-content\\\/uploads\\\/2023\\\/10\\\/logo.png\",\"width\":284,\"height\":249,\"caption\":\"Tufting Freak\"},\"image\":{\"@id\":\"https:\\\/\\\/tuftingfreak.com\\\/#\\\/schema\\\/logo\\\/image\\\/\"},\"sameAs\":[\"https:\\\/\\\/www.facebook.com\\\/tuftingfreak\",\"https:\\\/\\\/x.com\\\/TuftingFreak\",\"https:\\\/\\\/www.instagram.com\\\/tuftingfreak?igsh=MWRtdjdxYTlxeHBpcw==\",\"https:\\\/\\\/www.tiktok.com\\\/@tuftingfreak?_t=8jkELbwt4ld&_r=1\",\"https:\\\/\\\/www.pinterest.es\\\/tuftingfreak\"]}]}<\/script>\n<!-- \/ Yoast SEO plugin. -->","yoast_head_json":{"title":"Preferencias de Cookies -","robots":{"index":"index","follow":"follow","max-snippet":"max-snippet:-1","max-image-preview":"max-image-preview:large","max-video-preview":"max-video-preview:-1"},"canonical":"https:\/\/tuftingfreak.com\/index.php\/preferencias-de-cookies\/","og_locale":"es_ES","og_type":"article","og_title":"Preferencias de Cookies -","og_description":"El sitio Web https:\/\/tuftingfreak.com utiliza cookies propias para su correcto funcionamiento. Al hacer clic en el bot\u00f3n Aceptar, acepta el uso de estas tecnolog\u00edas y el procesamiento de sus datos para estos prop\u00f3sitos. Rechazar ACEPTAR TODAS LAS COOKIES Puedes cambiar tus preferencias de cookies en cualquier momento si vuelves a la p\u00e1gina de Personalizar cookies, &hellip; Leer m\u00e1s \u00abPreferencias de Cookies\u00bb","og_url":"https:\/\/tuftingfreak.com\/index.php\/preferencias-de-cookies\/","og_site_name":"Tufting Freak","article_publisher":"https:\/\/www.facebook.com\/tuftingfreak","article_modified_time":"2023-06-01T11:54:52+00:00","og_image":[{"width":364,"height":283,"url":"https:\/\/tuftingfreak.com\/wp-content\/uploads\/2023\/10\/image1-3-e1707500083804.png","type":"image\/png"}],"twitter_card":"summary_large_image","twitter_site":"@TuftingFreak","schema":{"@context":"https:\/\/schema.org","@graph":[{"@type":"WebPage","@id":"https:\/\/tuftingfreak.com\/index.php\/preferencias-de-cookies\/","url":"https:\/\/tuftingfreak.com\/index.php\/preferencias-de-cookies\/","name":"Preferencias de Cookies -","isPartOf":{"@id":"https:\/\/tuftingfreak.com\/#website"},"datePublished":"2023-06-01T11:54:50+00:00","dateModified":"2023-06-01T11:54:52+00:00","breadcrumb":{"@id":"https:\/\/tuftingfreak.com\/index.php\/preferencias-de-cookies\/#breadcrumb"},"inLanguage":"es","potentialAction":[{"@type":"ReadAction","target":["https:\/\/tuftingfreak.com\/index.php\/preferencias-de-cookies\/"]}]},{"@type":"BreadcrumbList","@id":"https:\/\/tuftingfreak.com\/index.php\/preferencias-de-cookies\/#breadcrumb","itemListElement":[{"@type":"ListItem","position":1,"name":"Portada","item":"https:\/\/tuftingfreak.com\/"},{"@type":"ListItem","position":2,"name":"Preferencias de Cookies"}]},{"@type":"WebSite","@id":"https:\/\/tuftingfreak.com\/#website","url":"https:\/\/tuftingfreak.com\/","name":"Tufting Freak","description":"Personalizaci&oacute;n con tufting","publisher":{"@id":"https:\/\/tuftingfreak.com\/#organization"},"alternateName":"Tufting Freak","potentialAction":[{"@type":"SearchAction","target":{"@type":"EntryPoint","urlTemplate":"https:\/\/tuftingfreak.com\/?s={search_term_string}"},"query-input":{"@type":"PropertyValueSpecification","valueRequired":true,"valueName":"search_term_string"}}],"inLanguage":"es"},{"@type":"Organization","@id":"https:\/\/tuftingfreak.com\/#organization","name":"Tufting Freak","alternateName":"TuftingFreak","url":"https:\/\/tuftingfreak.com\/","logo":{"@type":"ImageObject","inLanguage":"es","@id":"https:\/\/tuftingfreak.com\/#\/schema\/logo\/image\/","url":"https:\/\/tuftingfreak.com\/wp-content\/uploads\/2023\/10\/logo.png","contentUrl":"https:\/\/tuftingfreak.com\/wp-content\/uploads\/2023\/10\/logo.png","width":284,"height":249,"caption":"Tufting Freak"},"image":{"@id":"https:\/\/tuftingfreak.com\/#\/schema\/logo\/image\/"},"sameAs":["https:\/\/www.facebook.com\/tuftingfreak","https:\/\/x.com\/TuftingFreak","https:\/\/www.instagram.com\/tuftingfreak?igsh=MWRtdjdxYTlxeHBpcw==","https:\/\/www.tiktok.com\/@tuftingfreak?_t=8jkELbwt4ld&_r=1","https:\/\/www.pinterest.es\/tuftingfreak"]}]}},"jetpack_sharing_enabled":true,"_links":{"self":[{"href":"https:\/\/tuftingfreak.com\/index.php\/wp-json\/wp\/v2\/pages\/1125","targetHints":{"allow":["GET"]}}],"collection":[{"href":"https:\/\/tuftingfreak.com\/index.php\/wp-json\/wp\/v2\/pages"}],"about":[{"href":"https:\/\/tuftingfreak.com\/index.php\/wp-json\/wp\/v2\/types\/page"}],"author":[{"embeddable":true,"href":"https:\/\/tuftingfreak.com\/index.php\/wp-json\/wp\/v2\/users\/1"}],"replies":[{"embeddable":true,"href":"https:\/\/tuftingfreak.com\/index.php\/wp-json\/wp\/v2\/comments?post=1125"}],"version-history":[{"count":1,"href":"https:\/\/tuftingfreak.com\/index.php\/wp-json\/wp\/v2\/pages\/1125\/revisions"}],"predecessor-version":[{"id":1126,"href":"https:\/\/tuftingfreak.com\/index.php\/wp-json\/wp\/v2\/pages\/1125\/revisions\/1126"}],"wp:attachment":[{"href":"https:\/\/tuftingfreak.com\/index.php\/wp-json\/wp\/v2\/media?parent=1125"}],"curies":[{"name":"wp","href":"https:\/\/api.w.org\/{rel}","templated":true}]}}